{"id":170,"date":"2025-09-16T11:09:37","date_gmt":"2025-09-16T09:09:37","guid":{"rendered":"http:\/\/brigittechapou.fr\/?page_id=170"},"modified":"2025-09-16T11:58:43","modified_gmt":"2025-09-16T09:58:43","slug":"contact-et-curriculum-vitae","status":"publish","type":"page","link":"http:\/\/brigittechapou.fr\/index.php\/contact-et-curriculum-vitae\/","title":{"rendered":"Contact et Curriculum Vit\u00e6"},"content":{"rendered":"\n<h2 class=\"wp-block-heading\"><strong>Contact<\/strong><\/h2>\n\n\n\n<p>e-mail : brigitte.chapou at wanadoo.fr<\/p>\n\n\n\n<p>Cela amuse toujours les visiteurs, nous cela ne nous d\u00e9range pas.<\/p>\n\n\n\n<figure class=\"wp-block-image aligncenter size-full\"><img loading=\"lazy\" decoding=\"async\" width=\"275\" height=\"413\" src=\"http:\/\/brigittechapou.fr\/wp-content\/uploads\/2025\/09\/B_enrouge.jpg\" alt=\"\" class=\"wp-image-171\" srcset=\"http:\/\/brigittechapou.fr\/wp-content\/uploads\/2025\/09\/B_enrouge.jpg 275w, http:\/\/brigittechapou.fr\/wp-content\/uploads\/2025\/09\/B_enrouge-200x300.jpg 200w\" sizes=\"auto, (max-width: 275px) 100vw, 275px\" \/><figcaption class=\"wp-element-caption\">Brigitte Chapou au Louvre<\/figcaption><\/figure>\n\n\n\n<h2 class=\"wp-block-heading has-large-font-size\"><strong>Expositions<\/strong><\/h2>\n\n\n\n<ul class=\"wp-block-list\">\n<li>1998 : Aquarelles et encres dans exposition collective, Launac Haute Garonne<\/li>\n\n\n\n<li>1999 : Exposition d&rsquo;huiles et aquarelles et de copies et compositions personnelles r\u00e9alis\u00e9es au Mus\u00e9e du Louvre, H\u00f4tel Amp\u00e8re Paris<\/li>\n\n\n\n<li>2001 : Participation au premier Salon des copistes de Paris, Mairie du cinqui\u00e8me arrondissement de Paris<\/li>\n\n\n\n<li>2002 : Exposition d&rsquo;huiles et aquarelles et de copies et compositions personnelles r\u00e9alis\u00e9es au Mus\u00e9e du Louvre, H\u00f4tel Crown Plaza Toulouse<\/li>\n\n\n\n<li>2003 : Exposition Encre et aquarelles po\u00e8mes \u00ab\u00a0Lumi\u00e8re d&rsquo;encre\u00a0\u00bb, GREP Toulouse<\/li>\n\n\n\n<li>2005 : Participation au deuxi\u00e8me Salon des copistes de Paris, Mairie du sixi\u00e8me arrondissement de Paris<\/li>\n\n\n\n<li>2008 : Participation au troisi\u00e8me Salon des copistes de Paris, Mairie du sixi\u00e8me arrondissement de Paris<\/li>\n\n\n\n<li>2008 : Collaboration et design pour les d\u00e9cors de Lafayette Ballet \u00ab\u00a0Measures of Movement\u00a0\u00bb, Lafayette, IN, Etats-Unis. <em>Les aquarelles dont Brigitte m&rsquo;a fait cadeau, ont embelli les sc\u00e8nes de Don Quixote, mais surtout &nbsp;\u00e9taient la base d&rsquo;inspiration, avec la musique de Schumann, pour &nbsp;la chor\u00e9graphie de \u00ab\u00a0Ebbtide\u00a0\u00bb<\/em> Sandra Peticolas, Directeur <a href=\"http:\/\/www.lafayetteballet.org\">Lafayette Ballet, USA<\/a><\/li>\n\n\n\n<li>2015 : expo biblioth\u00e8que Mirail<\/li>\n\n\n\n<li>2016 : Habib anniversaire cahier couleur<\/li>\n\n\n\n<li>2016 : Habib revue<\/li>\n\n\n\n<li>2016 : Revue Lorelie Bow<\/li>\n\n\n\n<li>2017 : Couverture de la revue \u00a0\u00bbLa Licorne, le r\u00eave plastique des \u00e9crivains\u00a0\u00bb.<\/li>\n<\/ul>\n\n\n\n<figure class=\"wp-block-image size-large\"><img loading=\"lazy\" decoding=\"async\" width=\"1024\" height=\"325\" src=\"http:\/\/brigittechapou.fr\/wp-content\/uploads\/2025\/09\/Le_reve_plastique_de_l_ecrivan-1024x325.jpg\" alt=\"\" class=\"wp-image-179\" srcset=\"http:\/\/brigittechapou.fr\/wp-content\/uploads\/2025\/09\/Le_reve_plastique_de_l_ecrivan-1024x325.jpg 1024w, http:\/\/brigittechapou.fr\/wp-content\/uploads\/2025\/09\/Le_reve_plastique_de_l_ecrivan-300x95.jpg 300w, http:\/\/brigittechapou.fr\/wp-content\/uploads\/2025\/09\/Le_reve_plastique_de_l_ecrivan-768x244.jpg 768w, http:\/\/brigittechapou.fr\/wp-content\/uploads\/2025\/09\/Le_reve_plastique_de_l_ecrivan-1536x488.jpg 1536w, http:\/\/brigittechapou.fr\/wp-content\/uploads\/2025\/09\/Le_reve_plastique_de_l_ecrivan-2048x650.jpg 2048w\" sizes=\"auto, (max-width: 1024px) 100vw, 1024px\" \/><figcaption class=\"wp-element-caption\"><br>Le r\u00eave plastique de l&rsquo;\u00e9crivain, La Licorne.<\/figcaption><\/figure>\n\n\n\n<ul class=\"wp-block-list\">\n<li>2017 : Exposition collective, maison Salvan, Lab\u00e8ge<\/li>\n\n\n\n<li>2019 : Exposition collective des Beaux arts de Toulouse, la chapelle rue des Lois, Toulouse.<\/li>\n<\/ul>\n","protected":false},"excerpt":{"rendered":"<p>Contact e-mail : brigitte.chapou at wanadoo.fr Cela amuse toujours les visiteurs, nous cela ne nous d\u00e9range pas. Expositions<\/p>\n","protected":false},"author":1,"featured_media":0,"parent":0,"menu_order":5,"comment_status":"closed","ping_status":"closed","template":"","meta":{"footnotes":""},"class_list":["post-170","page","type-page","status-publish","hentry"],"_links":{"self":[{"href":"http:\/\/brigittechapou.fr\/index.php\/wp-json\/wp\/v2\/pages\/170","targetHints":{"allow":["GET"]}}],"collection":[{"href":"http:\/\/brigittechapou.fr\/index.php\/wp-json\/wp\/v2\/pages"}],"about":[{"href":"http:\/\/brigittechapou.fr\/index.php\/wp-json\/wp\/v2\/types\/page"}],"author":[{"embeddable":true,"href":"http:\/\/brigittechapou.fr\/index.php\/wp-json\/wp\/v2\/users\/1"}],"replies":[{"embeddable":true,"href":"http:\/\/brigittechapou.fr\/index.php\/wp-json\/wp\/v2\/comments?post=170"}],"version-history":[{"count":7,"href":"http:\/\/brigittechapou.fr\/index.php\/wp-json\/wp\/v2\/pages\/170\/revisions"}],"predecessor-version":[{"id":178,"href":"http:\/\/brigittechapou.fr\/index.php\/wp-json\/wp\/v2\/pages\/170\/revisions\/178"}],"wp:attachment":[{"href":"http:\/\/brigittechapou.fr\/index.php\/wp-json\/wp\/v2\/media?parent=170"}],"curies":[{"name":"wp","href":"https:\/\/api.w.org\/{rel}","templated":true}]}}